) = 5*w**2 + 2*w**2 - w**2 - 3 - 4*w**2 - 6*w. Is j(c) composite?
False
Let k = 496 + -229. Is k a prime number?
False
Suppose 0 = -15*o + 20*o - 12935. Is o prime?
False
Let a = -313 + 552. Is a a prime number?
True
Let d(m) be the first derivative of -m**4/4 + 2*m**3 + 7*m**2/2 + 5*m - 1. Let r be d(7). Is r/((-15)/(-78)) + -1 a prime number?
False
Let g = 3 - 6. Is (1 - 0) + g/(-3) composite?
False
Let x(c) = -3*c + 1 + 0 + 4*c. Let h be x(1). Suppose i - 4*t - 63 = 0, -5*t + 357 = -h*i + 6*i. Is i prime?
True
Let d(r) be the second derivative of r**4/12 - 7*r**3/6 - 2*r. Let g be d(-6). Suppose -g - 22 = -4*x. Is x prime?
False
Let c(m) = m**3 + m**2 + 8*m - 5. Is c(5) composite?
True
Suppose -3*h = -5*h. Suppose h = -5*f + 9*f - 436. Is f prime?
True
Let j be (-2)/1 - 149 - -2. Is (j/(-1))/(4 + -3) prime?
True
Suppose 18*k - 6925 = 13*k. Is k a prime number?
False
Let z(d) = 26*d**2 + 5. Let k(l) = -26*l**2 - 6. Let m(f) = 6*k(f) + 7*z(f). Is m(3) a prime number?
True
Let p be (-7)/(-3) - (-14)/21. Let x(v) = 112*v**2 - 3*v - 4. Is x(p) prime?
False
Suppose 2*u = -p - 494, 0*u - 3*p - 237 = u. Let y = u + 362. Is y a composite number?
False
Is (-3)/((-18)/(-1371))*(-1 + -5) a prime number?
False
Suppose -2*x - 92 = -0*x - 2*g, -2*x = 4*g + 92. Let r = x - -279. Is r a composite number?
False
Let c(h) = 12*h**3 - 2*h**2 + 2*h - 3. Is c(2) a prime number?
True
Let m(n) = 2248*n + 1. Is m(1) prime?
False
Let j = -20 - -126. Let z = j + -49. Is z a prime number?
False
Let n(w) = -w**3 + 6*w**2 - 6*w + 7. Suppose -3 = -z + 2. Let y be n(z). Is (-2)/(0 - y)*10 a composite number?
True
Let m(z) = 8*z**2 - 2*z - 13. Is m(12) prime?
False
Suppose 0*c = -2*c + 1694. Suppose -c - 85 = -4*d. Is d a prime number?
True
Suppose -o = 4*y - 0*y, -2*o + 4*y = -12. Suppose k - o = -k. Suppose -7 = -k*d + 5. Is d composite?
True
Is (56595/10)/11 - (-2)/4 a composite number?
True
Suppose -2*a - 2*a + 2*s = -42, 0 = 4*s + 20. Suppose -2*j + a = -54. Is j a prime number?
True
Let c = 5 + -8. Let k be ((-5)/c)/((-3)/(-18)). Is (77/1)/(10/k) a composite number?
True
Let n = 259 - 142. Suppose -4*b + 0*c = 5*c, 0 = 3*b + 4*c. Suppose -3*j + 0*j + n = b. Is j prime?
False
Let s(q) = -15*q + 6. Let p(h) = 23*h - 9. Let d(f) = 5*p(f) + 8*s(f). Suppose -4*n - 22 = c, -5*n - 40 + 2 = 3*c. Is d(c) a prime number?
False
Let s = 36 + 14. Suppose 3*n + s + 15 = 2*b, -154 = -5*b - n. Is b prime?
True
Let d(g) = 0 - 49*g - 22*g - 53*g + 1. Let h be d(-1). Suppose -x - h = -6*x. Is x prime?
False
Let n be 1 + (1361 - (1 - 3)). Let x = -506 + n. Let z = x + -593. Is z composite?
True
Let o be ((-7)/(-14))/(1/(-12)). Is (2/o)/((-4)/372) prime?
True
Let m(h) = -16*h - 15. Let i be m(8). Let a = i + 334. Is a a prime number?
True
Suppose p + 5 = 0, 0*p + 564 = 2*s + 2*p. Is s composite?
True
Suppose 5*n + 2*u - 377 = -1248, 527 = -3*n + u. Let j = -86 - n. Is j a prime number?
True
Is ((-2)/5 - (-110)/(-100))*-262 a composite number?
True
Let z be 1 - 2*15/2. Let b = z + 36. Is b a composite number?
True
Suppose 8*c = 4*c + 144. Let o = c + -11. Is o a prime number?
False
Let o(x) = x**2 - 4*x + 1. Is o(8) prime?
False
Let b(l) = -17*l - 3. Let m be b(-5). Suppose 0 = -y + m - 29. Is y prime?
True
Let r(t) = -t**3 - 17*t**2 - 2*t - 5. Let d(p) = 4*p**3 + 69*p**2 + 8*p + 19. Let w(y) = -2*d(y) - 9*r(y). Is w(-10) a prime number?
True
Is -3*((-39)/9 + 1) prime?
False
Let z(t) = -t**2 - 7*t - 8. Let g be z(-6). Let a be 1 + (78 - 2/g). Is (a - (-1)/(-1)) + 0 prime?
True
Suppose 1 = -2*v - 1, -5*o = -3*v - 28. Let a be (-44)/(-10) - 2/5. Suppose 2*i = -3*u + a*i + 147, 0 = -u - o*i + 32. Is u a prime number?
True
Suppose 25 = -s - 4*s, 3331 = 3*x + 4*s. Is x prime?
True
Suppose 0 = -l + n + 79, 7*l + 5*n = 4*l + 197. Is l prime?
False
Let j(w) = -w**3 + 10*w**2 + 13*w + 15. Is j(11) prime?
True
Let q(m) be the first derivative of -191*m**2/2 + 3. Is q(-1) a composite number?
False
Is 4/(-16) + 4020/16 composite?
False
Let n(l) = 6*l**2 + 5*l - 10. Is n(24) prime?
False
Suppose 3*w = -4*o + 2062, o + 4*o = w + 2587. Let r = o + -98. Is r prime?
True
Is (266/(-6))/(-5 - 14/(-3)) a prime number?
False
Let y(s) = 3*s**2 - s + 5. Is y(7) a prime number?
False
Let b = 11 + -7. Suppose 435 = 5*m - 5*u, -b*m + 167 = -2*m + 5*u. Is m a prime number?
False
Let r = 1124 + -639. Is r composite?
True
Let v(z) = -z - 1. Let p(x) = -9*x - 13. Let l(f) = p(f) - 6*v(f). Suppose -16 = 2*w - 2. Is l(w) prime?
False
Let f(o) = 179*o + 16. Is f(3) a prime number?
False
Let z(h) = -h**2 - 9*h + 3. Let l be z(-8). Let n = -8 + l. Is n a prime number?
True
Let p = 14 + -160. Let a = p + 103. Let y = -22 - a. Is y prime?
False
Let g be (-3)/9 - 311/3. Let s = -15 - g. Is s a prime number?
True
Let q(z) = -2*z - 10. Is q(-12) a prime number?
False
Let b = -1283 + 1824. Is b a composite number?
False
Let l = -14 + 7. Let w = l - -7. Suppose 5*s - 211 - 954 = w. Is s a composite number?
False
Suppose 0*b + 100 = 5*b + a, -3*b + 48 = 3*a. Is b prime?
False
Suppose -2*h + 30 = -4*n + 8, 8 = 4*h + 4*n. Suppose 2*l = h*l - 231. Is l a prime number?
False
Let k = 11 - 16. Let d be ((-2)/k)/(1/90). Let f = 55 - d. Is f prime?
True
Let w = -5 - -8. Suppose w*h = r + 811, -4*h = 3*r - 1516 + 452. Is h a prime number?
True
Is (-136)/(-12) + (-2)/6 prime?
True
Suppose -2*m = -0*m + 32. Let l(p) = -p**2 - 22*p - 17. Is l(m) composite?
False
Suppose -257 = -4*p - 4*d + 783, 0 = -5*d + 5. Is p prime?
False
Let l(s) = -s**3 + s**2 + 2*s + 3. Let k be l(5). Let y = k - -278. Is y a prime number?
True
Let u be 166/8 + 5/20. Let k be (-1146)/(-7) + 6/u. Suppose -2*b + k = 26. Is b a prime number?
False
Let z(l) = -2*l - 4. Let k be z(-9). Let p be (-1)/(-2) - 1281/k. Let g = p + 182. Is g prime?
False
Let w(v) = 1 - v**3 + v**2 + 1 - 4*v + 4*v**2. Let h be w(4). Is 2/h - -3*6 a composite number?
False
Let d(i) = -3*i**3 + 10*i**2 - 3*i - 1. Let r(u) = -u**3 - u. Let n(p) = d(p) - 2*r(p). Let z be -1*(-10)/(0 + 2). Is n(z) prime?
False
Suppose 3*y = -3*b + 4923, 4*b - 7*y - 6528 = -2*y. Is b composite?
False
Suppose 0 = -5*h + 43 - 13. Suppose 0 = -2*j + 4*y + 2, j - 7 = 3*y - 7*y. Suppose h = -j*b + 5*b. Is b a composite number?
False
Suppose -5*f = 25, 4*f + 197 = 2*w - 269. Is w composite?
False
Let i be 7/(-14) - 19/2. Let p be 1719/15 + (-4)/i. Let q = p + -78. Is q a prime number?
True
Suppose -5*x + 3*s = -2*x, 4*x = 5*s - 2. Suppose x*i - 166 = 4*f, -3*i + 4*f + 258 = f. Is i prime?
True
Let i = 456 + -166. Let r = i + -163. Is r a composite number?
False
Suppose o - 2*o = -3*d - 413, 3*d = -o + 407. Suppose n = 4*x + 257, 3*n - 388 = 3*x + o. Is n prime?
True
Suppose 4*t - 2*d - 4720 = 0, 0 = 2*t + 3*d + 610 - 2978. Is t a prime number?
True
Let k = -6 + 9. Let x(u) = 2*u**3 - 4*u**2 + 2*u + 2. Is x(k) a composite number?
True
Let p(n) = -n**2 + 14*n - 9. Let c be p(11). Suppose 1 = 5*v - c. Suppose -5*d = v*s - 430, -4*s + 359 = -2*d + d. Is s a prime number?
True
Suppose 4*g - 417 = 7*g. Suppose 0 = 4*z + 5*h - 1193, 0*h + 589 = 2*z + 5*h. Let t = g + z. Is t a prime number?
True
Is 10582/52 + (-1 - 10/(-4)) prime?
False
Let r = 1786 + -3149. Let j = r + 1996. Is j prime?
False
Let p(g) = -96*g + 1. Is p(-1) prime?
True
Let r = 40 + -26. Suppose -4*a + r = 5*y, 5*a = -2*y - 2 + 11. Is ((-2)/6)/(a/(-447)) composite?
False
Is (-4)/((-8)/6) - -48 prime?
False
Let v = -16 + 5. Is v/(3/(-35 + 2)) composite?
True
Let k(n) be the first derivative of -n**2/2 - 2*n + 5. Is k(-8) a prime number?
False
Let s(q) = -q**3 - 5*q**2 - q - 5. Let t be s(-5). Suppose -l = n - 1046, t = -l + 6*l + 3*n - 5236. Is l a prime number?
True
Suppose -2*u - 1 = -2*k + 3*u, 0 = 2*k + u - 7. Let i = 3 + 0. Suppose -k*f + 15 = 2*w - 21, 0 = w - i. Is f composite?
True
Let h = 533 + -16. Is h a prime number?
False
Suppose -6*g = -2*g + 3*k + 880, 0 = -5*g + k - 1100. Let l = -157 - g. Is 2/(-3)*l/(-3) a composite number?
True
Let k(q) = -q**2 - 3*q - 6. Let g(z) = 2*z**2 + 5*z + 13. Let u(m) = 3*g(m) + 5*k(m). Suppose l - 4 = -11. Is u(l) a composite number?
True
Is -4*409*12/(-48) prime?
True
Let m be -1 + (2 - 4) + 6. Suppose 5*n = 3*b + 1016, m = 3*b - 6. Is n composite?
True
Let c be (0*1/(-3))/1. Let w be 0/(c + (-3 - -5)). Is 0 - ((w - -